-j**3 + 8*j**2 + 3*j + 9. Is x(8) prime?
False
Let d(b) = -b**3 + 9*b**2 + 4*b - 7. Is d(4) a prime number?
True
Let p(k) = -1534*k - 5. Is p(-4) composite?
False
Let n be (-107)/(-3)*(-5 - -2). Let o be ((-4)/10)/((-5)/(-275)). Let b = o - n. Is b prime?
False
Let j(x) = 11*x**2 - 11*x + 5. Is j(7) a prime number?
True
Let i = 29 - 15. Let z = i - 7. Suppose j - z = 3. Is j a composite number?
True
Is 906 + (2 - 0)/2 a composite number?
False
Suppose -2 = 3*y + 4. Let l be (6*(-1)/y)/(-1). Is (19/(-2))/(l/6) a prime number?
True
Suppose 0*s - 2*s + 2*r + 36 = 0, 3*s = -r + 58. Is s a composite number?
False
Let n = 1 + 3. Suppose -4*q + 281 = s + 2*s, 3*q + 333 = n*s. Let f = s - 48. Is f a composite number?
True
Is 8/(-6)*(-555)/10 composite?
True
Let w = 6 + -3. Suppose w*g = -g + 1724. Is g a composite number?
False
Let o(a) = -a**3 + 6*a**2 + a + 3. Let x(g) be the third derivative of g**5/60 - g**4/4 - 5*g**3/3 - g**2. Let q be x(8). Is o(q) prime?
False
Let u(a) = 2*a**2 - 4*a + 3. Let f be u(2). Suppose 4*y - 146 - 46 = 0. Suppose -f*m + y = -57. Is m composite?
True
Suppose 3*o + 5*w - 733 = 0, -w = 2 + 2. Is o a composite number?
False
Suppose -2*m + 5*m = 0. Suppose 815 = 5*h - m*h. Is h composite?
False
Suppose 2*t - 2*f = -f - 3, -4*t + 4*f = 0. Suppose q = 3*a - 105, -4*q - 438 = a - 4*a. Is q/(-2) + t/6 prime?
False
Suppose -3*d + 3 + 3 = 0. Suppose -d + 8 = 3*u. Suppose -5*v = -5*x + 90, -u*x - 15 + 67 = 2*v. Is x composite?
True
Let t(u) = -13*u**2 - 2*u + 9. Let g be t(7). Is 3/(12/(-4)) - g a prime number?
True
Let f(w) = 5*w**2 + 0*w**3 - 6 + 4*w + w**3 + 1. Let u be f(-4). Is (2/u)/((-2)/10) composite?
False
Let x(u) = -u**3 - u**2 + u - 1. Let r(p) = 7*p**3 + 12*p**2 - p + 3. Let g(l) = -r(l) - 6*x(l). Let y = 2 - 8. Is g(y) a prime number?
False
Let n = -8 + 391. Is n a prime number?
True
Suppose 155 = -6*p + 8609. Is p composite?
False
Suppose -9*c + 4*c = -545. Is c composite?
False
Suppose 207 + 947 = g. Is g prime?
False
Let z(s) = -4*s**2 - s. Let q be z(-1). Let u = 21 + q. Suppose 113 - u = 5*k. Is k a prime number?
True
Suppose g = -g + 2. Let z be (-35)/(-5) - 2*g. Suppose -72 - 19 = -2*h + 3*c, h - z*c = 42. Is h prime?
True
Is -9*(-5)/30*236/6 a composite number?
False
Let g = -7 - -11. Suppose -g*p + 15 = p. Let y(h) = 7*h**2 - 3*h + 1. Is y(p) a prime number?
False
Suppose 109 = 2*i - 5*g, -3*g + 158 = 4*i - g. Is (24/14)/(12/i) composite?
True
Let a be 1/(-5) + 3/15. Suppose x - 8 = 4*q, 0 = -4*x + 3*q - a*q + 6. Suppose x = -0*n - 5*n + 385. Is n a composite number?
True
Let o(s) = s**3 - 7*s**2 + 7*s - 6. Let d be o(6). Suppose d = 2*i + 6 - 50. Is i a composite number?
True
Is (-2)/((-4)/(-168)*-4) a composite number?
True
Let i be (2/4)/(1/2716). Let w = 1905 - i. Is w composite?
False
Let o be -1*((-94)/1 - 3). Suppose 4*q - 5*q = 3*a - o, 3*a - 107 = q. Is a a prime number?
False
Let z = 9 - 3. Suppose q - z*q = 20, 41 = b - q. Is b composite?
False
Suppose 2*n - n + 892 = m, 20 = -4*n. Is m a composite number?
False
Is 2/3*13281/38 a prime number?
True
Suppose 4*t - 8 = -64. Let z = t - -24. Is z composite?
True
Let y(s) = 11*s**2 + 6*s + 3. Let c be y(-4). Let u = 3 - -28. Suppose 2*p - 3*p = -m + u, -5*m - 2*p = -c. Is m a composite number?
False
Suppose -3*c = -51 - 6. Suppose 0 = -2*o - c - 57. Let t = 85 + o. Is t a composite number?
False
Suppose -g = -5*t - 286, -5*t + 804 = 3*g - 2*t. Is g composite?
False
Let a be (-587)/(-6) + 1/6. Suppose 3*g - 271 = -2*q, 61 + a = 2*g - 3*q. Is g a prime number?
False
Let y(b) = b**2 + 8. Let d be y(-8). Suppose 3*z - 100 = -4*g - 2*z, 0 = 3*g + 3*z - d. Is 351/15 - 8/g composite?
False
Let o = 6 + -4. Suppose -4*s + o*s = 8. Is 74/s*(-8)/4 a prime number?
True
Suppose 0 = 7*l - 3*l - 56. Is 1/(l/(-15) + 1) composite?
True
Let c = 0 + 2. Suppose q - c*q = -w + 50, q + 2*w + 59 = 0. Let v = 208 + q. Is v prime?
False
Suppose 21 = 5*o + 6. Suppose -o*v + 18 = -465. Is v prime?
False
Suppose -5*b = -s - 15, -15 = -5*b - 0*b + 3*s. Suppose 3*c - 3*r = 255, 3*c + b*r = 2*r + 271. Is c composite?
False
Let m = 7 - 5. Let v be (4 - 7) + (7 - m). Suppose v*n + n - 549 = 0. Is n composite?
True
Let n = -515 - -833. Suppose -5*v = -y - 2*y - n, -123 = -2*v - 3*y. Let s = -32 + v. Is s a composite number?
False
Let o(p) = p**3 + 9*p**2 + 4*p - 7. Let r(m) = -2*m**2 - m + 1. Let f be r(2). Let g be 1*-9*(-6)/f. Is o(g) composite?
True
Suppose 0 = 5*s - 0*s + 2340. Is s/30*10/(-4) prime?
False
Let q(h) = -128*h - 5. Is q(-2) a prime number?
True
Let l(m) = 2*m**2 + m + 1. Suppose -2*q = -2*b + 2, -q = -0*q + b - 1. Suppose 2*a + 2*a - 12 = q. Is l(a) a prime number?
False
Let t(q) = q**2 + 8*q - 6. Let m be t(-9). Is ((-9)/(-15))/(m/45) a prime number?
False
Suppose 7*r + 2785 = 8*r. Is r composite?
True
Let m(n) = 4*n**3 - n + 3. Let l be m(-3). Let j = l + 265. Is j a prime number?
True
Suppose -4*n - 853 = 1143. Let i be ((-8)/(-3))/(2/3). Is i/6 + n/(-3) prime?
True
Suppose 2*f - 71 = 39. Is f prime?
False
Suppose 4*n - 6*n - 32 = 0. Is 8/n + (-67)/(-2) composite?
True
Let q be ((-8)/5)/(4/(-10)). Suppose 5*d + 5 = 0, 0 = -2*k - k + q*d + 1177. Is k a composite number?
True
Let p(f) = -4*f**2 - 2*f + 1. Let i be p(1). Let x(n) = 2*n**2 + 5. Is x(i) a prime number?
False
Suppose -3*m - 41 = -2*l + 2*m, m = -4*l + 137. Is l a composite number?
True
Let f = 1 + 2. Suppose -x + 2*r = 4*x - 299, -f*x = -4*r - 185. Is x a prime number?
True
Suppose 4*b - 1561 = 3*h, -8*h + 4 = -4*h. Is b prime?
False
Suppose -5*r = 1 + 4. Let f be 2 + (-1)/(r/(-15)). Let u = f + 48. Is u a prime number?
False
Suppose i - 5*t = 244, 0*i = -3*i + t + 704. Let p = 365 - i. Is p prime?
True
Suppose 4*i + 4 = -3*z, -3*i + z = -2 - 8. Suppose -i = -5*l + 4*x - 24, x = l + 5. Is l + 1 + 60/4 a prime number?
False
Suppose 253 = -5*l + 1908. Is l a composite number?
False
Suppose -2647 = -5*f + 4*b - 2*b, -4*f + 2136 = 3*b. Suppose 0 = 3*d - f - 480. Is d prime?
True
Suppose 9 = -3*r, -5*w - 3*r - 4 + 10 = 0. Suppose -3*n = 4*v - 1017, -3*n = w*v - 957 - 57. Is n a prime number?
False
Let i be (-5)/(-2)*(3 - 1). Let v(u) be the first derivative of u**4/4 - 4*u**3/3 + u - 1. Is v(i) prime?
False
Suppose -h = -0*h - 6. Let w be 3 + (-5)/((-15)/h). Suppose w*a = -9*l + 4*l + 20, 0 = 4*l - 2*a - 4. Is l a composite number?
False
Let d(a) = 229*a - 5. Let c be d(2). Suppose 55 + c = 4*f. Is f a prime number?
True
Suppose 5888 = a + 2193. Is a a composite number?
True
Let g(a) = 49*a**2 + 3*a. Let u be g(-2). Suppose -v + 1 + 2 = 0. Suppose -v*r - 2*z + 333 - 48 = 0, z + u = 2*r. Is r a composite number?
True
Let k = -2 + 2. Is 76*1 + k - -1 prime?
False
Let p(a) = -4*a + 3. Let u be (1 - 4/2)*7. Is p(u) composite?
False
Let l be 1 - 1*-4 - 2. Suppose -3*t + 4*v = -209, -300 = -5*t - l*v + 29. Is t a prime number?
True
Suppose d = 4*r - 2167, -4*r + 538 = -3*r + d. Is r composite?
False
Let l be 3 - 1/(3/36). Let d be (-2)/8 + l/12. Is (d + -10)/(3/(-15)) prime?
False
Let n = -6 - -10. Suppose 0 = u - n*u - 12. Let r(p) = -4*p - 1. Is r(u) composite?
True
Let u = -1826 - -4095. Is u a composite number?
False
Suppose 3*w = 4*d - 2*d + 103, 3*w = -4*d + 73. Is w composite?
False
Let k(c) = 15*c**2 + 3*c + 5. Is k(8) prime?
False
Suppose 0 = 4*g - 1913 - 531. Is g composite?
True
Let m(a) = 7*a**2 + 7*a + 9. Is m(6) a prime number?
False
Suppose -2*n - 3*y = 2*n - 12, 5*n + 3*y = 15. Suppose -s + 508 = n*s. Is s a composite number?
False
Let y = 124 - 72. Is 8/y - (-128)/13 prime?
False
Is 12825/81 - (-4)/6 prime?
False
Suppose 0 = 5*s + 5*k + 20, 0*s - 2*s - 3*k - 5 = 0. Is 6/(-21) - 23/s a composite number?
False
Let a(h) = -4*h - 25. Let d(t) = -2*t - 13. Let f(i) = -6*a(i) + 11*d(i). Let b be f(-5). Is 22 + b + 2 + -2 prime?
True
Suppose p - 4*p = -15. Suppose 4*w + 18 = -s + 3*s, p*w + 45 = -5*s. Let t = 5 - w. Is t composite?
False
Suppose -5*r + 1560 = -2*g, -2*r - 2*g - g = -605. Let c = -48 + r. Is c a composite number?
True
Is 4/(-12) - 2878/(-3) composite?
True
Let f be (0 - -2 - 1) + -89. Let w = f + 414. Suppose -3*n = -67 - w. Is n prime?
True
Let w(q) = q**2 - 4*q + 4. Let o be w(5). Suppose r - o = -3. Let b(l) = 3*l**2 - 6*l + 7. Is b(r) composite?
False
Let v = 165 - -242. Is v a p